{"id":1272,"date":"2017-09-28T15:05:34","date_gmt":"2017-09-28T14:05:34","guid":{"rendered":"http:\/\/unsa-administratifs.org\/?page_id=1272"},"modified":"2025-12-05T14:23:27","modified_gmt":"2025-12-05T13:23:27","slug":"mutuelle-mgas","status":"publish","type":"page","link":"https:\/\/unsa-administratifs.org\/?page_id=1272","title":{"rendered":"Protection Sociale Compl\u00e9mentaire"},"content":{"rendered":"<p>Le 1er\u00a0mai 2026, une r\u00e9volution va s\u2019op\u00e9rer concernant la Protection Sociale Compl\u00e9mentaire des agents de la DGAC. Le contrat\u00a0r\u00e9f\u00e9renc\u00e9 \u00e0 la MGAS depuis 2018, va laisser place \u00e0 2 nouveaux contrats, un en sant\u00e9 avec ALAN, l\u2019autre en pr\u00e9voyance\u00a0avec la MGAS, aux r\u00e8gles bien diff\u00e9rentes de ce que nous connaissons, et aux tarifs eux aussi\u2026 diff\u00e9rents !!<\/p>\n<p><span data-olk-copy-source=\"MessageBody\">Pour prendre connaissance du communiqu\u00e9 du Bureau National de l\u2019UNSA Aviation Civile qui nous concerne tous, veuillez cliquer sur le lien ci-dessous :<\/span><\/p>\n<h5><a href=\"https:\/\/unsa-administratifs.org\/wp-content\/uploads\/2025\/12\/Communique-ALAN.pdf\">Communiqu\u00e9 sur la Protection Sociale Compl\u00e9mentaire<\/a><\/h5>\n","protected":false},"excerpt":{"rendered":"<p>Le 1er\u00a0mai 2026, une r\u00e9volution va s\u2019op\u00e9rer concernant la Protection Sociale Compl\u00e9mentaire des agents de la DGAC. Le contrat\u00a0r\u00e9f\u00e9renc\u00e9 \u00e0 la MGAS depuis 2018, va laisser place \u00e0 2 nouveaux contrats, un en sant\u00e9 avec ALAN, l\u2019autre en pr\u00e9voyance\u00a0avec la MGAS, aux r\u00e8gles bien diff\u00e9rentes de ce que nous connaissons, et aux tarifs eux aussi\u2026 &hellip; <a href=\"https:\/\/unsa-administratifs.org\/?page_id=1272\" class=\"more-link\">Continuer la lecture de <span class=\"screen-reader-text\">Protection Sociale Compl\u00e9mentaire<\/span> <span class=\"meta-nav\">&rarr;<\/span><\/a><\/p>\n","protected":false},"author":3,"featured_media":0,"parent":0,"menu_order":0,"comment_status":"closed","ping_status":"closed","template":"","meta":{"footnotes":""},"class_list":["post-1272","page","type-page","status-publish","hentry"],"aioseo_notices":[],"_links":{"self":[{"href":"https:\/\/unsa-administratifs.org\/index.php?rest_route=\/wp\/v2\/pages\/1272","targetHints":{"allow":["GET"]}}],"collection":[{"href":"https:\/\/unsa-administratifs.org\/index.php?rest_route=\/wp\/v2\/pages"}],"about":[{"href":"https:\/\/unsa-administratifs.org\/index.php?rest_route=\/wp\/v2\/types\/page"}],"author":[{"embeddable":true,"href":"https:\/\/unsa-administratifs.org\/index.php?rest_route=\/wp\/v2\/users\/3"}],"replies":[{"embeddable":true,"href":"https:\/\/unsa-administratifs.org\/index.php?rest_route=%2Fwp%2Fv2%2Fcomments&post=1272"}],"version-history":[{"count":16,"href":"https:\/\/unsa-administratifs.org\/index.php?rest_route=\/wp\/v2\/pages\/1272\/revisions"}],"predecessor-version":[{"id":3682,"href":"https:\/\/unsa-administratifs.org\/index.php?rest_route=\/wp\/v2\/pages\/1272\/revisions\/3682"}],"wp:attachment":[{"href":"https:\/\/unsa-administratifs.org\/index.php?rest_route=%2Fwp%2Fv2%2Fmedia&parent=1272"}],"curies":[{"name":"wp","href":"https:\/\/api.w.org\/{rel}","templated":true}]}}